t c(i) = -2*i - 3. Let s be c(-4). Suppose -s*j - 15 = 3*b, -44 = 4*b + j - 7. Let h(u) = -u**2 - 9*u + 13. Calculate the remainder when 3 is divided by h(b).
0
What is the remainder when (2 - (-128)/(-6))*(-18)/12 is divided by 11?
7
Let y = 0 + 5. Calculate the remainder when 17 is divided by y.
2
Suppose -63 = -4*l + 61. Calculate the remainder when 276/3 + (-4)/2 is divided by l.
28
Suppose -2*q + 7 = -3*q - 3*p, 0 = -2*q - 3*p - 5. Suppose q*j = 48 - 16. What is the remainder when j is divided by 6?
4
Suppose -17 = -3*w + 46. What is the remainder when 62 is divided by w?
20
Suppose -2*l - 2*r = -32, -4*l = -2*r - 55 - 33. What is the remainder when 39 is divided by l?
19
Suppose -6 = -3*o + 15. Suppose 0*z = 3*z. Suppose 3*h + z*h - 12 = 0. What is the remainder when o is divided by h?
3
Let z(g) = g**3 + 2*g - 1. Let b be z(1). Suppose i = -b*i + 111. Calculate the remainder when i is divided by 10.
7
Suppose -5*i - d = -92, -2*i + 28 = d - 7. Let t(w) = -74*w**3 - 2*w**2 - 2*w. What is the remainder when t(-1) is divided by i?
17
Suppose 15*r = 39*r - 1464. Let a(m) = -7*m + 2. Calculate the remainder when r is divided by a(-2).
13
Suppose -r - 26 = -5*w + 3*r, -2*w + 11 = -r. Calculate the remainder when 15 is divided by w.
3
Let l be (-12)/5*(-3 - 2). Let n(d) = -d + 14. Let k be n(l). Calculate the remainder when k - 2*-17 - 1 is divided by 18.
17
Suppose 4*j - 322 = -134. Let p = -3 - -19. Calculate the remainder when j is divided by p.
15
Suppose 4*l - 318 = -114. What is the remainder when l is divided by -9 + 17 - 1*-5?
12
Suppose 400 = 5*g + 95. What is the remainder when g is divided by ((-44)/(-6) - 2)*3?
13
Suppose 13*c + 0*c = 91. Calculate the remainder when c is divided by 5.
2
Calculate the remainder when (6*5/(-10))/(9/(-426)) is divided by 13.
12
What is the remainder when 2*(-129)/(-6)*2 is divided by 22?
20
Suppose 4*k + t - 220 = 0, 2*k - 6*k - 2*t + 224 = 0. Calculate the remainder when k + (2 - 2 - -4) is divided by 12.
10
Let x be (-2)/(-6) - (-195)/9. Let s = x - 9. What is the remainder when 25 is divided by s?
12
Suppose 0 = -4*c + 2*p + 22, 5*c + 0*p = 5*p + 30. Suppose -2*s = -c*s + 51. What is the remainder when s is divided by 10?
7
Let n(i) = -i + 12. Let t be n(8). Suppose 3*b + 0 = -3*g - 3, g = 5*b - 13. Calculate the remainder when b is divided by (-2)/t + (-25)/(-10).
0
Suppose -3*y = -3*m - 12, -y + 16 = -m - 4*y. Calculate the remainder when 37 is divided by (-6 - m)/((-1)/(-13)).
11
Suppose -8*m + 540 - 20 = 0. What is the remainder when m is divided by 17?
14
Let p(t) = -t**2 + 5*t + 6. Let j be p(6). Suppose -4*u = -j*u. Suppose 5*r = -u*r + 45. Calculate the remainder when 25 is divided by r.
7
What is the remainder when 18 is divided by 5/(60/(-8))*-15?
8
Suppose -2*r + 4*b + 121 = -117, 0 = 3*r - 4*b - 349. What is the remainder when r is divided by 16?
15
Let n(a) = -a**2 + 5*a + 3. Let g be n(5). Suppose g*t = 6*i - i - 75, 0 = i + 2*t - 2. Calculate the remainder when 35 is divided by i.
11
Let w(d) = d + 15. Calculate the remainder when 153 is divided by w(7).
21
Let a be 40/(-6)*(-18)/5. Suppose -a - 2 = -2*l. Suppose -32 = -3*t + l. What is the remainder when 44 is divided by t?
14
Suppose 2*s = 5*k + 10, -3*s + 4*k = 7*k - 15. Suppose -85 = -5*p - s*a, 0 = 3*p + 2*a - 47 - 2. What is the remainder when (30 + (-2)/1)/1 is divided by p?
13
Let n(y) = 4*y - 16. What is the remainder when 47 is divided by n(8)?
15
Suppose 5*y + 43 = -3*s - 22, -3*y = 4*s + 28. Let x be (y/(-6))/((-4)/(-6)). Calculate the remainder when 9 is divided by x/(12/(-9)) + 9.
3
Suppose g + 3*p = -3*g + 77, 3*g - 54 = -3*p. Suppose -r = -0*r + 30. Let v = r + 42. What is the remainder when g is divided by v?
11
Let x(z) = z**3 + 7*z**2 - 6*z - 7. Calculate the remainder when x(-7) is divided by 12.
11
Let g be 5 + -2 - (-1 + 1). Suppose 78 = 3*k - 3*w, -k + 0*k = -g*w - 36. Calculate the remainder when k is divided by 11.
10
Calculate the remainder when 39 - 1 - 0/(-1) is divided by 13.
12
Suppose v = 3*v - 22. Let d = 82 + -27. Let s = d + -35. What is the remainder when s is divided by v?
9
Suppose 0 = l - 2*l + 14. Suppose 2*v = -4*t + 34, -2*v + l = -4*t + 3*t. Suppose 0*k = k - 16. Calculate the remainder when k is divided by v.
7
Suppose 4*d + 0*a + 332 = -5*a, -a + 332 = -4*d. Let w = d + 120. Let p(s) = 2*s + 3. What is the remainder when w is divided by p(5)?
11
Suppose 3*g - 82 - 8 = 0. Calculate the remainder when g is divided by 16.
14
Let a = 61 + -38. Suppose -19*u - 31 + 259 = 0. What is the remainder when a is divided by u?
11
What is the remainder when 1/((-24)/32) - (-266)/6 is divided by 30?
13
Let i be 22/4 + (-3)/6. Suppose 4*k + 17 = -4*c + 285, -5*c + i*k = -315. Calculate the remainder when c is divided by 22.
21
Calculate the remainder when 13 is divided by -3*(11/(-3) - -1).
5
Let g(b) = -b**3 + 7*b**2 - 5*b - 3. Suppose -3*i = -6*i + 18. Calculate the remainder when i is divided by g(6).
0
Let t be 35/(-20) - (-9)/12. Let p(n) = 33*n - 1. What is the remainder when p(1) is divided by 10 - (-2)/t - -3?
10
Suppose a - 6 = -2*a. Let q = -27 + 28. What is the remainder when a is divided by q?
0
Let y = -86 + 110. Calculate the remainder when 47 is divided by y.
23
Let p = -46 - -91. Calculate the remainder when p is divided by 12.
9
Let y(z) = z**3 - 7*z**2 + 9. Let a = 29 + -12. Suppose 2*x = x + a. Calculate the remainder when x is divided by y(7).
8
What is the remainder when (-1 + -2)*(-94)/6 is divided by 16?
15
Suppose 2*f = 2*m + 7 + 1, 34 = 4*f + 2*m. Let v = 8 + f. Calculate the remainder when 44 is divided by v.
14
Suppose -6*l + 0*l + 18 = 0. Calculate the remainder when 5 is divided by l.
2
Suppose 140*q - 135*q = 30. What is the remainder when q is divided by 4/((-1)/((-1)/2))?
0
Suppose -5*h + 576 = 4*h. Calculate the remainder when h is divided by 17.
13
Let a = 266 - 128. What is the remainder when a is divided by (-106)/(-3) - (-2)/(-6)?
33
What is the remainder when 58 is divided by 6*-4*20/(-32)?
13
Let j(u) = 4 + 4*u + u - 3. Let o = -37 + 39. Calculate the remainder when 21 is divided by j(o).
10
Suppose -3*m + k + 4*k - 22 = 0, -5*k = -10. Calculate the remainder when (-460)/(-8) + (-6)/m is divided by (-162)/(-8) + 2/(-8).
19
Let z = 183 - 172. Calculate the remainder when 141 is divided by z.
9
Let b = 10 - 13. Let r(u) = -u**3 + 7*u**2 + 4*u - 8. What is the remainder when r(7) is divided by 12 - (3 + -5 - b)?
9
Suppose 4*o = 5*b - 7, 3*o + o = 3*b - 1. Let t(s) = 2 + s - 7 + 2 - 2*s. What is the remainder when t(-6) is divided by o?
1
Calculate the remainder when ((-722)/57)/(4/(-30)) is divided by 12.
11
Suppose 2*h = -u - 34 + 118, h - 3*u = 42. Calculate the remainder when h is divided by 16 - (1 + 1 + -1).
12
Suppose 0 = s + 7*s - 256. What is the remainder when s is divided by 17?
15
Let k = -3 - -11. Let g(o) = 13*o - 103. What is the remainder when g(9) is divided by k?
6
Suppose 3*i - 147 = -0*i. Suppose 77 = 3*h + 26. What is the remainder when i is divided by h?
15
Let o = -37 + 58. Calculate the remainder when 124 is divided by o.
19
Suppose 5*r = -7 + 72. What is the remainder when r is divided by 7?
6
Let v = -12 - -32. Suppose -87 = -7*n - 10. What is the remainder when v is divided by n?
9
Suppose 2 + 2 = -2*q. Suppose -3*m = -2*m. What is the remainder when 49 is divided by (m - 17)/(q + 1)?
15
Suppose 7*x = 5*x + 22. What is the remainder when 42 is divided by x?
9
Let i = 11 + -5. What is the remainder when 29 is divided by i?
5
Let x(m) = -2*m + 1. Let l = 0 - 2. What is the remainder when ((-2)/l)/(2/28) is divided by x(-2)?
4
Let k(r) be the second derivative of r**5/20 - r**4/3 - 5*r**3/6 + 7*r**2/2 + 5*r. Calculate the remainder when 19 is divided by k(5).
5
Let j(u) = 20*u**3 + u**2 - 2*u + 1. Let y(t) = t**2 - t + 1. Let c be y(0). Calculate the remainder when j(c) is divided by 7/(1*(1 - 0)).
6
Let p(g) = g**3 + 12*g**2 - 2*g. Let u be p(-12). Suppose 0*m = 4*m - u. What is the remainder when m is divided by 3?
0
Let c(y) = y - 1. Let g be c(5). Suppose 0 = -g*v + 6 + 2. Suppose -17 = v*a - 63. Calculate the remainder when a is divided by 12.
11
Let x = 52 + -41. Calculate the remainder when 52 is divided by x.
8
What is the remainder w